{"id":2146,"date":"2025-06-16T08:23:55","date_gmt":"2025-06-16T08:23:55","guid":{"rendered":"https:\/\/barbaranovoroda.com\/?page_id=2146"},"modified":"2025-06-19T10:23:02","modified_gmt":"2025-06-19T10:23:02","slug":"portfolio","status":"publish","type":"page","link":"https:\/\/barbaranovoroda.com\/","title":{"rendered":"Portfolio"},"content":{"rendered":"\t\t<div data-elementor-type=\"wp-page\" data-elementor-id=\"2146\" class=\"elementor elementor-2146\" data-elementor-post-type=\"page\">\n\t\t\t\t<div class=\"elementor-element elementor-element-dcb2181 e-flex e-con-boxed e-con e-parent\" data-id=\"dcb2181\" data-element_type=\"container\" data-settings=\"{&quot;background_background&quot;:&quot;classic&quot;}\">\n\t\t\t\t\t<div class=\"e-con-inner\">\n\t\t<div class=\"elementor-element elementor-element-95f1079 e-flex e-con-boxed e-con e-child\" data-id=\"95f1079\" data-element_type=\"container\">\n\t\t\t\t\t<div class=\"e-con-inner\">\n\t\t\t\t<div class=\"elementor-element elementor-element-3044779 cpel-switcher--layout-horizontal elementor-widget elementor-widget-polylang-language-switcher\" data-id=\"3044779\" data-element_type=\"widget\" data-widget_type=\"polylang-language-switcher.default\">\n\t\t\t\t<div class=\"elementor-widget-container\">\n\t\t\t\t\t<nav class=\"cpel-switcher__nav\"><ul class=\"cpel-switcher__list\"><li class=\"cpel-switcher__lang\"><a lang=\"en-GB\" hreflang=\"en-GB\" href=\"https:\/\/barbaranovoroda.com\/?page_id=2245&#038;lang=en\"><span class=\"cpel-switcher__name\">English<\/span><\/a><\/li><\/ul><\/nav>\t\t\t\t<\/div>\n\t\t\t\t<\/div>\n\t\t\t\t\t<\/div>\n\t\t\t\t<\/div>\n\t\t<div class=\"elementor-element elementor-element-3aaafa7 e-con-full e-flex e-con e-child\" data-id=\"3aaafa7\" data-element_type=\"container\">\n\t\t<div class=\"elementor-element elementor-element-540a63e e-con-full e-flex e-con e-child\" data-id=\"540a63e\" data-element_type=\"container\">\n\t\t\t\t<div class=\"elementor-element elementor-element-c8a0394 elementor-widget elementor-widget-heading\" data-id=\"c8a0394\" data-element_type=\"widget\" data-widget_type=\"heading.default\">\n\t\t\t\t<div class=\"elementor-widget-container\">\n\t\t\t\t\t<h2 class=\"elementor-heading-title elementor-size-default\">Barbara Novorod\u00e1<\/h2>\t\t\t\t<\/div>\n\t\t\t\t<\/div>\n\t\t\t\t<div class=\"elementor-element elementor-element-a057007 elementor-widget elementor-widget-heading\" data-id=\"a057007\" data-element_type=\"widget\" data-widget_type=\"heading.default\">\n\t\t\t\t<div class=\"elementor-widget-container\">\n\t\t\t\t\t<h2 class=\"elementor-heading-title elementor-size-default\">*1994, Praha<\/h2>\t\t\t\t<\/div>\n\t\t\t\t<\/div>\n\t\t\t\t<div class=\"elementor-element elementor-element-843137d elementor-widget elementor-widget-text-editor\" data-id=\"843137d\" data-element_type=\"widget\" data-widget_type=\"text-editor.default\">\n\t\t\t\t<div class=\"elementor-widget-container\">\n\t\t\t\t\t\t\t\t\t<p>Um\u011blkyn\u011b nastupuj\u00edc\u00ed generace pracuj\u00edc\u00ed p\u0159edev\u0161\u00edm v&nbsp;m\u00e9diu malby, performance a&nbsp;videoartu. V&nbsp;roce 2025 dokon\u010dila studia na&nbsp;pra\u017esk\u00e9 UMPRUM, p\u0159edt\u00edm studovala malbu na&nbsp;univerzit\u00e1ch v&nbsp;Lim\u011b, Plzni a&nbsp;Soluni.<\/p>\t\t\t\t\t\t\t\t<\/div>\n\t\t\t\t<\/div>\n\t\t\t\t<div class=\"elementor-element elementor-element-cda001d elementor-mobile-align-center elementor-hidden-mobile elementor-widget elementor-widget-button\" data-id=\"cda001d\" data-element_type=\"widget\" data-widget_type=\"button.default\">\n\t\t\t\t<div class=\"elementor-widget-container\">\n\t\t\t\t\t\t\t\t\t<div class=\"elementor-button-wrapper\">\n\t\t\t\t\t<a class=\"elementor-button elementor-button-link elementor-size-sm\" href=\"#kontakt\">\n\t\t\t\t\t\t<span class=\"elementor-button-content-wrapper\">\n\t\t\t\t\t\t\t\t\t<span class=\"elementor-button-text\">Kontakt<\/span>\n\t\t\t\t\t<\/span>\n\t\t\t\t\t<\/a>\n\t\t\t\t<\/div>\n\t\t\t\t\t\t\t\t<\/div>\n\t\t\t\t<\/div>\n\t\t\t\t<\/div>\n\t\t<div class=\"elementor-element elementor-element-7f71b06 e-con-full e-flex e-con e-child\" data-id=\"7f71b06\" data-element_type=\"container\">\n\t\t\t\t<div class=\"elementor-element elementor-element-82fdaa6 elementor-widget elementor-widget-image\" data-id=\"82fdaa6\" data-element_type=\"widget\" data-widget_type=\"image.default\">\n\t\t\t\t<div class=\"elementor-widget-container\">\n\t\t\t\t\t\t\t\t\t\t\t\t\t\t\t\t<a href=\"https:\/\/barbaranovoroda.com\/wp-content\/uploads\/2025\/06\/portfolio-barbara-novoroda.pdf\" target=\"_blank\">\n\t\t\t\t\t\t\t<img fetchpriority=\"high\" decoding=\"async\" width=\"800\" height=\"769\" src=\"https:\/\/barbaranovoroda.com\/wp-content\/uploads\/2025\/06\/portfolio--1024x984.jpg\" class=\"elementor-animation-grow attachment-large size-large wp-image-2196\" alt=\"\" srcset=\"https:\/\/barbaranovoroda.com\/wp-content\/uploads\/2025\/06\/portfolio--1024x984.jpg 1024w, https:\/\/barbaranovoroda.com\/wp-content\/uploads\/2025\/06\/portfolio--300x288.jpg 300w, https:\/\/barbaranovoroda.com\/wp-content\/uploads\/2025\/06\/portfolio--768x738.jpg 768w, https:\/\/barbaranovoroda.com\/wp-content\/uploads\/2025\/06\/portfolio--1536x1476.jpg 1536w, https:\/\/barbaranovoroda.com\/wp-content\/uploads\/2025\/06\/portfolio-.jpg 1676w\" sizes=\"(max-width: 800px) 100vw, 800px\" \/>\t\t\t\t\t\t\t\t<\/a>\n\t\t\t\t\t\t\t\t\t\t\t\t\t\t\t<\/div>\n\t\t\t\t<\/div>\n\t\t\t\t<div class=\"elementor-element elementor-element-f3a62ab elementor-widget-mobile__width-initial elementor-widget elementor-widget-heading\" data-id=\"f3a62ab\" data-element_type=\"widget\" data-widget_type=\"heading.default\">\n\t\t\t\t<div class=\"elementor-widget-container\">\n\t\t\t\t\t<h2 class=\"elementor-heading-title elementor-size-default\"><a href=\"https:\/\/barbaranovoroda.com\/wp-content\/uploads\/2025\/06\/portfolio-barbara-novoroda.pdf\" target=\"_blank\">Klikni pro zobrazen\u00ed portfolia a&nbsp;\u010dekej. N\u00e1dech, v\u00fddech.<\/a><\/h2>\t\t\t\t<\/div>\n\t\t\t\t<\/div>\n\t\t\t\t<\/div>\n\t\t\t\t<\/div>\n\t\t\t\t\t<\/div>\n\t\t\t\t<\/div>\n\t\t<div class=\"elementor-element elementor-element-fd3a39a e-flex e-con-boxed e-con e-parent\" data-id=\"fd3a39a\" data-element_type=\"container\" id=\"kontakt\" data-settings=\"{&quot;background_background&quot;:&quot;classic&quot;}\">\n\t\t\t\t\t<div class=\"e-con-inner\">\n\t\t<div class=\"elementor-element elementor-element-8f99d8f e-con-full e-flex e-con e-child\" data-id=\"8f99d8f\" data-element_type=\"container\">\n\t\t<div class=\"elementor-element elementor-element-260f9a1 e-con-full e-flex e-con e-child\" data-id=\"260f9a1\" data-element_type=\"container\" data-settings=\"{&quot;background_background&quot;:&quot;classic&quot;}\">\n\t\t\t\t<div class=\"elementor-element elementor-element-b343352 elementor-widget elementor-widget-image\" data-id=\"b343352\" data-element_type=\"widget\" data-widget_type=\"image.default\">\n\t\t\t\t<div class=\"elementor-widget-container\">\n\t\t\t\t\t\t\t\t\t\t\t\t\t\t\t<img decoding=\"async\" width=\"800\" height=\"788\" src=\"https:\/\/barbaranovoroda.com\/wp-content\/uploads\/2025\/06\/IMG-20220711-WA0014-1024x1009.jpg\" class=\"attachment-large size-large wp-image-2155\" alt=\"\" srcset=\"https:\/\/barbaranovoroda.com\/wp-content\/uploads\/2025\/06\/IMG-20220711-WA0014-1024x1009.jpg 1024w, https:\/\/barbaranovoroda.com\/wp-content\/uploads\/2025\/06\/IMG-20220711-WA0014-300x296.jpg 300w, https:\/\/barbaranovoroda.com\/wp-content\/uploads\/2025\/06\/IMG-20220711-WA0014-768x757.jpg 768w, https:\/\/barbaranovoroda.com\/wp-content\/uploads\/2025\/06\/IMG-20220711-WA0014.jpg 1039w\" sizes=\"(max-width: 800px) 100vw, 800px\" \/>\t\t\t\t\t\t\t\t\t\t\t\t\t\t\t<\/div>\n\t\t\t\t<\/div>\n\t\t\t\t<\/div>\n\t\t<div class=\"elementor-element elementor-element-7e9da67 e-con-full e-flex e-con e-child\" data-id=\"7e9da67\" data-element_type=\"container\">\n\t\t\t\t<div class=\"elementor-element elementor-element-74babb0 elementor-widget elementor-widget-heading\" data-id=\"74babb0\" data-element_type=\"widget\" data-widget_type=\"heading.default\">\n\t\t\t\t<div class=\"elementor-widget-container\">\n\t\t\t\t\t<h2 class=\"elementor-heading-title elementor-size-default\">Kontakt<\/h2>\t\t\t\t<\/div>\n\t\t\t\t<\/div>\n\t\t\t\t<div class=\"elementor-element elementor-element-c165dab elementor-widget elementor-widget-text-editor\" data-id=\"c165dab\" data-element_type=\"widget\" data-widget_type=\"text-editor.default\">\n\t\t\t\t<div class=\"elementor-widget-container\">\n\t\t\t\t\t\t\t\t\t<p>+420&nbsp;725&nbsp;045&nbsp;263<\/p><p>barbara.novoroda@gmail.com<\/p>\t\t\t\t\t\t\t\t<\/div>\n\t\t\t\t<\/div>\n\t\t\t\t<div class=\"elementor-element elementor-element-9c0b9ae elementor-widget elementor-widget-text-editor\" data-id=\"9c0b9ae\" data-element_type=\"widget\" data-widget_type=\"text-editor.default\">\n\t\t\t\t<div class=\"elementor-widget-container\">\n\t\t\t\t\t\t\t\t\t<p>PS: Pozv\u00e1nky na&nbsp;vernis\u00e1\u017ee a&nbsp;jin\u00e9 m\u00e9 ud\u00e1losti pos\u00edl\u00e1m formou SMS, chcete-li je dost\u00e1vat, pros\u00edm napi\u0161te mi zpr\u00e1vu.<\/p>\t\t\t\t\t\t\t\t<\/div>\n\t\t\t\t<\/div>\n\t\t\t\t<\/div>\n\t\t\t\t<\/div>\n\t\t\t\t\t<\/div>\n\t\t\t\t<\/div>\n\t\t\t\t<\/div>\n\t\t","protected":false},"excerpt":{"rendered":"<p>\u010ce\u0161tina Barbara Novorod\u00e1 *1994, Praha Um\u011blkyn\u011b nastupuj\u00edc\u00ed generace pracuj\u00edc\u00ed p\u0159edev\u0161\u00edm v&nbsp;m\u00e9diu malby, performance a&nbsp;videoartu. V&nbsp;roce 2025 dokon\u010dila studia na&nbsp;pra\u017esk\u00e9 UMPRUM, p\u0159edt\u00edm studovala malbu na&nbsp;univerzit\u00e1ch v&nbsp;Lim\u011b, Plzni a&nbsp;Soluni. Kontakt Klikni pro zobrazen\u00ed portfolia a&nbsp;\u010dekej. N\u00e1dech, v\u00fddech. Kontakt +420&nbsp;725&nbsp;045&nbsp;263 barbara.novoroda@gmail.com PS: Pozv\u00e1nky na&nbsp;vernis\u00e1\u017ee a&nbsp;jin\u00e9 m\u00e9 ud\u00e1losti pos\u00edl\u00e1m formou SMS, chcete-li je dost\u00e1vat, pros\u00edm napi\u0161te mi zpr\u00e1vu.<\/p>\n","protected":false},"author":1,"featured_media":0,"parent":0,"menu_order":0,"comment_status":"closed","ping_status":"closed","template":"elementor_canvas","meta":{"footnotes":""},"class_list":["post-2146","page","type-page","status-publish","hentry"],"_links":{"self":[{"href":"https:\/\/barbaranovoroda.com\/index.php?rest_route=\/wp\/v2\/pages\/2146","targetHints":{"allow":["GET"]}}],"collection":[{"href":"https:\/\/barbaranovoroda.com\/index.php?rest_route=\/wp\/v2\/pages"}],"about":[{"href":"https:\/\/barbaranovoroda.com\/index.php?rest_route=\/wp\/v2\/types\/page"}],"author":[{"embeddable":true,"href":"https:\/\/barbaranovoroda.com\/index.php?rest_route=\/wp\/v2\/users\/1"}],"replies":[{"embeddable":true,"href":"https:\/\/barbaranovoroda.com\/index.php?rest_route=%2Fwp%2Fv2%2Fcomments&post=2146"}],"version-history":[{"count":9,"href":"https:\/\/barbaranovoroda.com\/index.php?rest_route=\/wp\/v2\/pages\/2146\/revisions"}],"predecessor-version":[{"id":2403,"href":"https:\/\/barbaranovoroda.com\/index.php?rest_route=\/wp\/v2\/pages\/2146\/revisions\/2403"}],"wp:attachment":[{"href":"https:\/\/barbaranovoroda.com\/index.php?rest_route=%2Fwp%2Fv2%2Fmedia&parent=2146"}],"curies":[{"name":"wp","href":"https:\/\/api.w.org\/{rel}","templated":true}]}}